8)/(-60) - (-2)/10. Give i(s).
5
Let c = 1360 + -1354. Let u(m) = m**2 - 11*m + 5. Let s(p) = -2*p**2 + 21*p - 10. Let t(h) = 4*s(h) + 7*u(h). Calculate t(c).
1
Let f(r) be the first derivative of 2*r**2 - 1/3*r**3 - 1 + 4*r. Determine f(3).
7
Let u(m) = 5*m - 4 + 0*m**3 + 3*m**3 - 5*m**2 - 2*m**3 - 2. Give u(4).
-2
Suppose v - 4*v = -3*n - 33, 5*v - 55 = -4*n. Suppose 0 = 2*o - 5*b + 8, -4*b + 33 - v = o. Let l(f) = f**3 - 5*f**2 - 5*f - 4. What is l(o)?
2
Suppose -68 = -4*u - 2*o, 2*o - 20 - 29 = -3*u. Suppose -4*g - u = 5. Let w(x) be the third derivative of x**4/24 + 7*x**3/6 - 3*x**2. What is w(g)?
1
Let g(k) = -k**2 - 6*k + 1. Suppose 7*t - 2*t + 30 = 0. Give g(t).
1
Suppose 0 = 3*a - 5 - 10. Suppose -a*u = 0, 5 - 3 = -2*f + u. Let n(l) be the second derivative of l**5/5 + l**4/6 + l**3/3 + l**2/2 + 2*l. Determine n(f).
-3
Let g(m) = m**3 + 4*m**2 + 4*m. Let n = 4 - -8. Let w be (n/8)/(1/(-2)). Determine g(w).
-3
Let k(p) = -p**2 - p + 4. Let v(w) = 1. Let t(o) = -o - 1. Let z(u) = 4*t(u) + 5*v(u). Let l be z(1). Give k(l).
-2
Let g(t) be the second derivative of t**4/6 - 2*t**3/3 - 5*t**2/2 + 7*t. Calculate g(4).
11
Suppose 10*p + 9*p = -57. Let l(w) be the third derivative of w**5/60 + w**4/8 - w**3/6 + w**2. Determine l(p).
-1
Let z(v) = -7 + 0*v - 3*v**2 - v + 6 - v**3. Let s be 4*(1/(-3) - (-1)/(-6)). Give z(s).
-3
Let a be (4 - 2 - 0)*4. Suppose 5*m - m + a = 0, 0 = 5*h - 5*m + 15. Let o(j) = -4 + 2*j - 3 + 9. Calculate o(h).
-8
Let r(q) = -q**2 + 8*q - 1. Let g = -10 - -15. Suppose 4*k + v - 15 = g, 2*v = -5*k + 22. What is r(k)?
11
Suppose 0 = 3*l - 0*l. Let n(a) = l + 14*a - 1 + 0 - 7*a. Determine n(1).
6
Let i(j) be the second derivative of -23*j**4/12 - j**2/2 - 2*j - 5. Determine i(-1).
-24
Let b(j) = j**3 - 7*j**2 + 8*j - 8. Let s be b(6). Let i(h) be the second derivative of 0*h**2 + 0*h**3 + 1/12*h**s + h + 0. What is i(-1)?
1
Let h(s) = -s**3 + 9*s**2 + 8*s + 13. Let v be h(10). Let p(r) = r**2 + 8*r - 3. Determine p(v).
-10
Let k(w) be the second derivative of -w**5/20 + 5*w**4/12 - w**3/6 - 7*w**2/2 - 8*w. Calculate k(5).
-12
Let i(w) = w**3 - 5*w**2 + 4*w + 1. Suppose 2*d + 2*d = 2*k + 12, 5*d = -k + 29. Let t be i(k). Let u(l) = 4*l**3 - 2*l**2 + 2*l - 1. Calculate u(t).
3
Let l(d) = 22*d - 18*d + 5*d**2 + 14 + d**3 - 14. Let k = -3 + 0. Determine l(k).
6
Let t(j) be the third derivative of j**5/60 - j**4/4 - j**3/6 - j**2. Let p be 76/10 - (-21)/(-35). Suppose -4*c + p = -17. Determine t(c).
-1
Let z(n) = -3*n + 3. Let l(c) = -c - 1. Let a(r) = 4*l(r) + z(r). Give a(-1).
6
Let m(d) = d + 7. Let y(f) = f**2 + 5*f - 1. Let u be y(-6). Suppose -u*g - 34 = 41. Let k be 4/10 - (-6)/g. Give m(k).
7
Suppose -3*y + 0*y - 6 = 0, -3*x + 5 = -4*y. Let z(t) = -t**2 - t. What is z(x)?
0
Let x(r) be the second derivative of 0 + 2*r + 1/6*r**3 + r**2 - 1/24*r**4 - 1/60*r**5. Let y(h) be the first derivative of x(h). Determine y(1).
-1
Let v(r) = -3 + 2*r - 2 - 5*r + 6*r. Determine v(4).
7
Suppose -4 = -3*o - p, 12 = 3*p - 0. Let v be 1*(-3 - o) - 2. Let k(u) = -6 - 7*u + 4*u - 1. Determine k(v).
8
Let k(w) = -24*w - 20. Let x(c) = 8*c + 7. Let l(y) = 6*k(y) + 17*x(y). Let j = -40 + 39. Give l(j).
7
Suppose l - 6*l + 20 = 0. Let n(g) = -g**3 + 5*g**2 - 2*g - 2. What is n(l)?
6
Suppose -8*c + 4*c = -20. Suppose -4*v + 7*v = 2*w + 15, c*w + 27 = -3*v. Let q(p) = p**2 + 4*p. Determine q(w).
12
Let x be (-48)/(-36)*(-6)/(-4). Let u(l) = 4*l**2 - 2*l**2 + x*l**3 - 3*l**3. Give u(2).
0
Let m(f) = f**3 - 7*f**2 + 5*f + 8. Let a be m(6). Suppose r = -a*r. Let z(w) = -w**3 + w**2 - 10. Determine z(r).
-10
Let u(f) = f**3 - 6*f**2 + 6*f + 7. Let q(d) = -d**3 + 6*d**2 - 5*d - 7. Let t(g) = -7*q(g) - 6*u(g). Let o be t(6). Let j(m) = 11*m - 1. What is j(o)?
10
Let t(h) be the second derivative of 13/12*h**4 + 0*h**3 + 0 - 4*h + 0*h**2. Calculate t(-1).
13
Let i(v) be the first derivative of 0*v**4 + 2 + 1/6*v**3 - 1/30*v**5 + 3/2*v**2 + 0*v. Let d(o) be the second derivative of i(o). What is d(-2)?
-7
Let f(h) be the third derivative of h**4/24 + h**3/3 - 7*h**2. Give f(5).
7
Let g(k) be the third derivative of k**5/60 - 4*k**2. What is g(-2)?
4
Let q(j) = -3*j - 7. Let u(l) = l - 11. Let h be (8/(-6))/((-14)/63). Let g be u(h). What is q(g)?
8
Let t(k) = -k**3 + 7*k**2 - 2*k + 3. Let i(b) = -7*b**2 - 1 - 3 + 2*b + b**3 + b + 0. Let w(d) = 6*i(d) + 5*t(d). What is w(6)?
3
Let m be (0/(-3))/(-1 - 1). Suppose s + 0 - 2 = m. Let j(b) = -2*b**2 + 3 + s + 2*b + b**2 - 3. What is j(3)?
-1
Let l(f) be the first derivative of f**3/3 - f**2/2 - 3*f + 9. Determine l(4).
9
Suppose -2*s + s + 2 = 0, -p + 2*s = 11. Let z = -7 + 0. Let w = z - p. Let k(a) = a**2 + a - 6. Determine k(w).
-6
Let a(q) = -q**3 - 7*q**2 - 6*q + 3. Let g be a(-6). Suppose -k - 13 = -4*t - 2*k, -4*t - g*k = -15. Let w(j) = j**2 - j - 3. Determine w(t).
3
Let n = -8 + 13. Let l(h) = h**3 - 5*h**2 - 3. Determine l(n).
-3
Suppose p = 3*j - 13, 0 = -2*j - 2*p + 8 + 6. Let n(g) = 1. Let z(r) = r + 13. Let o(x) = j*n(x) - z(x). Give o(0).
-8
Let k be ((-90)/54)/(5/(-6)). Suppose 3*y + 15 = 3*v, k*y + 2*v + 0*v + 10 = 0. Let i(b) = -b**3 - 5*b**2 - 7. Calculate i(y).
-7
Let b(x) = -x**2 - 7*x - 4. Let w = -23 - -28. Suppose 2*j + 41 = -5*o, j + 18 + 20 = -w*o. Give b(o).
-4
Let s(a) be the second derivative of -a**3/3 - 3*a**2/2 + 7*a. Suppose 17 = 4*w + p, w - 18 = -3*p - 0. What is s(w)?
-9
Let t be -4*((-6)/4)/(-1). Let l(b) = -b - 13. Calculate l(t).
-7
Let z(r) = -r + 10. Let w = 6 + -6. Suppose -5*s + m + 23 = 0, -4 = -2*m - w. What is z(s)?
5
Suppose -7 + 2 = 5*k. Let x(b) = 58*b**2 + 3 - 60*b**2 - 4. Give x(k).
-3
Let z(h) = h**3. Let i(g) = 7*g**3 + 5*g**2 - 7. Let c(x) = i(x) - 6*z(x). What is c(-5)?
-7
Let s be (2 - 1)/(1/(-1)). Let g be (-1 + 3 + s)*5. Let t(q) be the second derivative of -q**3/6 + 4*q**2 - q. Calculate t(g).
3
Let t be 20/8 + 2/12*3. Let n(r) = -r**3 + 3*r**2 + r - 2. Calculate n(t).
1
Let i(g) = -26*g**2 - 3*g + 42*g**2 + 3*g**3 - 20*g**2 - 2*g**3 - 4. Calculate i(5).
6
Let s be -5 - (-1 + (2 - 0)). Let r(i) be the third derivative of -i**6/120 - i**5/10 + 2*i**3/3 + 60*i**2. Give r(s).
4
Let u(h) = -7*h**3 + 7*h**2 - 5*h + 15. Let y(l) = 3*l**3 - 3*l**2 + 2*l - 7. Let m = -1 + 7. Suppose -2*s = 4 + m. Let r(z) = s*y(z) - 2*u(z). What is r(0)?
5
Suppose -26 = -4*h - 6. Let c be (-2 - h)/(-1 - -2). Let y(s) = -s**3 - 8*s**2 - 5*s + 4. What is y(c)?
-10
Let f(k) be the third derivative of -k**4/24 - k**3/2 - k**2. Suppose 18 = q - 5*d, 4*d = -2*q - 0*d - 6. Let g = 1 - q. Give f(g).
-1
Let x(g) = -2*g + 1. Let f be (0 - -1)/(4/40). Suppose -4 = -3*k - f. Determine x(k).
5
Let s(a) be the third derivative of -a**6/24 + a**3/6 - 2*a**2. Let z be s(1). Let y(v) be the first derivative of v**3/3 + 3*v**2/2 + 2*v - 3. What is y(z)?
6
Let y(w) be the first derivative of -w**6/360 - w**5/120 - 13*w**4/24 + 2*w**3 - 3. Let g(k) be the third derivative of y(k). Give g(0).
-13
Let x(w) = 3. Let z(c) = c. Let s(h) = -3*h. Let q(y) = 4*s(y) + 11*z(y). Let n(i) = 4*q(i) + x(i). Determine n(2).
-5
Let h(t) = t**2 + 18*t + 11. Let d be h(-17). Let u(l) be the second derivative of -l**4/12 - 4*l**3/3 + l**2/2 + 2*l. Calculate u(d).
13
Let z(x) = 9*x - 3. Let g be (1/4)/(6/48*1). Determine z(g).
15
Let j(d) = d**2 - d + 3. Let v(x) = -x - 3. Let r be v(-3). Suppose -3*i + 8*i = r. Give j(i).
3
Let h(i) be the first derivative of i**4/4 + 7*i**3/3 + 5*i**2/2 + 7*i + 2. Calculate h(-6).
13
Let s(o) = -o**2 + 4*o + 1. Suppose -56 = -5*n - 16. Let c be (20/n)/(1/2). Suppose -3*b + 4*j + c = 0, -3*j - 4 = -7*j. Determine s(b).
4
Let j(a) = -10*a + 4*a - 5*a**2 + 6*a**2 - 5. Suppose -4*l - 2 = 70. Let r be ((-5)/((-15)/l))/(-1). Calculate j(r).
-5
Suppose 3*p - 11 = -2. Let i(m) be the second derivative of m**4/12 - m**2 + 22*m. Give i(p).
7
Let m(r) = 0*r + 2*r**2 - 1 + 3*r + 0*r**2 + r**3 - 2*r**3. Calculate m(3).
-1
Let s(r) = r**3 - r**2 - 1. Let k be (27/12)/3*4. Let n(y) = -4*y**3 - 2*y**2 + 5*y - 4. Let c(a) = k*s(a) + n(a). Give c(-6).
-1
Let s(l) be the second derivative of 1/12*l**4 + 5/2*l**2 - 3*l + 7/6*l**3 + 0. Calculate s(-5).
-5
Let p(v) = v**3 + 7*v**2 + 10*v + 2. Let g be p(-5). Suppose -4*l = -7*l. Let a(x) = x**3 + x**g + 0*x + l*x**2 + 2 + 2*x. Give a(-2).
